{"id":363,"date":"2025-01-22T01:45:26","date_gmt":"2025-01-22T01:45:26","guid":{"rendered":"https:\/\/rosamarcreations.com\/?post_type=product&#038;p=363"},"modified":"2025-05-07T23:44:33","modified_gmt":"2025-05-08T03:44:33","slug":"purificar-purify","status":"publish","type":"product","link":"https:\/\/rosamarcreations.com\/?product=purificar-purify","title":{"rendered":"Purificar (Purify)"},"content":{"rendered":"<div class=\"flex-shrink-0 flex flex-col relative items-end\">\n<div>\n<div class=\"pt-0\">\n<div class=\"gizmo-bot-avatar flex h-8 w-8 items-center justify-center overflow-hidden rounded-full\">\n<div class=\"relative p-1 rounded-sm flex items-center justify-center bg-token-main-surface-primary text-token-text-primary h-8 w-8\">\n<div style=\"width: 980px;\" class=\"wp-video\"><video class=\"wp-video-shortcode\" id=\"video-363-1\" width=\"980\" height=\"1225\" preload=\"metadata\" controls=\"controls\"><source type=\"video\/mp4\" src=\"https:\/\/rosamarcreations.com\/wp-content\/uploads\/2025\/01\/Purificar-CANDLE-1080-x-1350-px.mp4?_=1\" \/><a href=\"https:\/\/rosamarcreations.com\/wp-content\/uploads\/2025\/01\/Purificar-CANDLE-1080-x-1350-px.mp4\">https:\/\/rosamarcreations.com\/wp-content\/uploads\/2025\/01\/Purificar-CANDLE-1080-x-1350-px.mp4<\/a><\/video><\/div>\n<p>&nbsp;<\/p>\n<p>Step into a space filled with clarity and vitality with <strong>Purificar<\/strong>, a candle designed to cleanse and invigorate your surroundings. Featuring a crisp blend of lemon, eucalyptus, and lemongrass, this fragrance embodies the essence of renewal, creating an uplifting and refreshing atmosphere.<\/p>\n<\/div>\n<\/div>\n<\/div>\n<\/div>\n<\/div>\n<div class=\"group\/conversation-turn relative flex w-full min-w-0 flex-col agent-turn\">\n<div class=\"flex-col gap-1 md:gap-3\">\n<div class=\"flex max-w-full flex-col flex-grow\">\n<div class=\"min-h-8 text-message flex w-full flex-col items-end gap-2 whitespace-normal break-words text-start [.text-message+&amp;]:mt-5\" dir=\"auto\" data-message-author-role=\"assistant\" data-message-id=\"acf0b00b-6767-4393-a926-b2b000eb67e7\" data-message-model-slug=\"gpt-4o\">\n<div class=\"flex w-full flex-col gap-1 empty:hidden first:pt-[3px]\">\n<div class=\"markdown prose w-full break-words dark:prose-invert light\">\n<p>The zesty brightness of lemon awakens the senses with its clean, citrusy notes, while eucalyptus adds a cool, rejuvenating touch that clears the mind. Lemongrass ties it all together with its herbal and slightly sweet aroma, grounding the scent with a calming balance.<\/p>\n<p>Perfect for moments when you need to reset and recharge, <strong>Purificar<\/strong> transforms your space into a sanctuary of freshness, reminding you that every breath is an opportunity for renewal and harmony.<\/p>\n<\/div>\n<\/div>\n<\/div>\n<\/div>\n<\/div>\n<\/div>\n<p><!--more--><\/p>\n<blockquote><p>Llena tu espacio de claridad y vitalidad con <strong>Purificar<\/strong>, una vela dise\u00f1ada para limpiar e invitar a la frescura. Con una mezcla vibrante de lim\u00f3n, eucalipto y hierba de lim\u00f3n, esta fragancia encarna la esencia de la renovaci\u00f3n, creando un ambiente refrescante y revitalizante.<\/p>\n<p>El brillo c\u00edtrico del lim\u00f3n despierta los sentidos con su aroma limpio y energizante, mientras que el eucalipto a\u00f1ade un toque fresco y rejuvenecedor que despeja la mente. La hierba de lim\u00f3n completa la fragancia con su aroma herbal y ligeramente dulce, aportando un equilibrio calmante.<\/p>\n<p>Perfecta para momentos en los que necesitas reiniciar y recargar, <strong>Purificar<\/strong> transforma tu espacio en un santuario de frescura, record\u00e1ndote que cada respiro es una oportunidad para la renovaci\u00f3n y la armon\u00eda.<\/p><\/blockquote>\n","protected":false},"excerpt":{"rendered":"<p>Perfect for moments when you need to reset and recharge, <strong>Purificar<\/strong> transforms your space into a sanctuary of freshness, reminding you that every breath is an opportunity for renewal and harmony.<\/p>\n<p><strong>Scent Notes: <\/strong>Lemon &#8211; Eucalyptus &#8211; Lemongrass<\/p>\n<p style=\"text-align: center;\"><strong>100% Soy Wax &#8211; All the time, siempre!!<\/strong><\/p>\n<p>&nbsp;<\/p>\n","protected":false},"featured_media":368,"comment_status":"open","ping_status":"closed","template":"","meta":[],"product_brand":[],"product_cat":[16,25],"product_tag":[],"class_list":{"0":"post-363","1":"product","2":"type-product","3":"status-publish","4":"has-post-thumbnail","6":"product_cat-candles","7":"product_cat-signature-line","8":"product_shipping_class-less-than-2-lbs","10":"first","11":"instock","12":"taxable","13":"shipping-taxable","14":"purchasable","15":"product-type-variable"},"jetpack_sharing_enabled":true,"_links":{"self":[{"href":"https:\/\/rosamarcreations.com\/index.php?rest_route=\/wp\/v2\/product\/363","targetHints":{"allow":["GET"]}}],"collection":[{"href":"https:\/\/rosamarcreations.com\/index.php?rest_route=\/wp\/v2\/product"}],"about":[{"href":"https:\/\/rosamarcreations.com\/index.php?rest_route=\/wp\/v2\/types\/product"}],"replies":[{"embeddable":true,"href":"https:\/\/rosamarcreations.com\/index.php?rest_route=%2Fwp%2Fv2%2Fcomments&post=363"}],"wp:featuredmedia":[{"embeddable":true,"href":"https:\/\/rosamarcreations.com\/index.php?rest_route=\/wp\/v2\/media\/368"}],"wp:attachment":[{"href":"https:\/\/rosamarcreations.com\/index.php?rest_route=%2Fwp%2Fv2%2Fmedia&parent=363"}],"wp:term":[{"taxonomy":"product_brand","embeddable":true,"href":"https:\/\/rosamarcreations.com\/index.php?rest_route=%2Fwp%2Fv2%2Fproduct_brand&post=363"},{"taxonomy":"product_cat","embeddable":true,"href":"https:\/\/rosamarcreations.com\/index.php?rest_route=%2Fwp%2Fv2%2Fproduct_cat&post=363"},{"taxonomy":"product_tag","embeddable":true,"href":"https:\/\/rosamarcreations.com\/index.php?rest_route=%2Fwp%2Fv2%2Fproduct_tag&post=363"}],"curies":[{"name":"wp","href":"https:\/\/api.w.org\/{rel}","templated":true}]}}